{"id":4049,"date":"2024-05-08T09:26:58","date_gmt":"2024-05-08T06:26:58","guid":{"rendered":"https:\/\/kainuunravirata.fi\/?page_id=4049"},"modified":"2026-04-15T14:13:52","modified_gmt":"2026-04-15T11:13:52","slug":"radan-kayttajille","status":"publish","type":"page","link":"https:\/\/kainuunravirata.fi\/?page_id=4049","title":{"rendered":"Radan k\u00e4ytt\u00e4jille"},"content":{"rendered":"<style>.kb-row-layout-id4049_385376-13 > .kt-row-column-wrap{align-content:start;}:where(.kb-row-layout-id4049_385376-13 > .kt-row-column-wrap) > .wp-block-kadence-column{justify-content:start;}.kb-row-layout-id4049_385376-13 > .kt-row-column-wrap{column-gap:var(--global-kb-gap-none, 0rem );row-gap:var(--global-kb-gap-md, 2rem);max-width:var( --global-content-width, 1290px );padding-left:var(--global-content-edge-padding);padding-right:var(--global-content-edge-padding);padding-top:var(--global-kb-spacing-md, 2rem);padding-bottom:var(--global-kb-spacing-md, 2rem);grid-template-columns:minmax(0, calc(60% - ((var(--global-kb-gap-none, 0rem ) * 1 )\/2)))minmax(0, calc(40% - ((var(--global-kb-gap-none, 0rem ) * 1 )\/2)));}.kb-row-layout-id4049_385376-13{background-image:url('https:\/\/kainuunravirata.fi\/wp-content\/uploads\/2024\/05\/DSC_4165-scaled.jpg');background-size:cover;background-position:50% 50%;background-attachment:scroll;background-repeat:no-repeat;}.kb-row-layout-id4049_385376-13 > .kt-row-layout-overlay{opacity:0.30;}@media all and (max-width: 1024px){.kb-row-layout-id4049_385376-13 > .kt-row-column-wrap{column-gap:var(--global-kb-gap-none, 0rem );grid-template-columns:minmax(0, 1fr);}}@media all and (max-width: 767px){.kb-row-layout-id4049_385376-13 > .kt-row-column-wrap{grid-template-columns:minmax(0, 1fr);}}<\/style><div class=\"kb-row-layout-wrap kb-row-layout-id4049_385376-13 alignfull kt-row-has-bg wp-block-kadence-rowlayout\"><div class=\"kt-row-column-wrap kt-has-2-columns kt-row-layout-equal kt-tab-layout-row kt-mobile-layout-row kt-row-valign-top kb-theme-content-width\">\n<style>.kadence-column4049_99c9da-fc > .kt-inside-inner-col{display:flex;}.kadence-column4049_99c9da-fc > .kt-inside-inner-col{padding-top:var(--global-kb-spacing-xl, 4rem);padding-right:var(--global-kb-spacing-xxl, 5rem);padding-bottom:var(--global-kb-spacing-xl, 4rem);padding-left:var(--global-kb-spacing-xxl, 5rem);}.kadence-column4049_99c9da-fc > .kt-inside-inner-col,.kadence-column4049_99c9da-fc > .kt-inside-inner-col:before{border-top-left-radius:0px;border-top-right-radius:0px;border-bottom-right-radius:0px;border-bottom-left-radius:0px;}.kadence-column4049_99c9da-fc > .kt-inside-inner-col{column-gap:var(--global-kb-gap-sm, 1rem);}.kadence-column4049_99c9da-fc > .kt-inside-inner-col{flex-direction:column;justify-content:flex-start;}.kadence-column4049_99c9da-fc > .kt-inside-inner-col > .aligncenter{width:100%;}.kt-row-column-wrap > .kadence-column4049_99c9da-fc{align-self:flex-start;}.kt-inner-column-height-full:not(.kt-has-1-columns) > .wp-block-kadence-column.kadence-column4049_99c9da-fc{align-self:auto;}.kt-inner-column-height-full:not(.kt-has-1-columns) > .wp-block-kadence-column.kadence-column4049_99c9da-fc > .kt-inside-inner-col{flex-direction:column;justify-content:flex-start;}.kadence-column4049_99c9da-fc > .kt-inside-inner-col{background-color:var(--global-palette9, #ffffff);}.kadence-column4049_99c9da-fc > .kt-inside-inner-col:before{opacity:0.3;}.kadence-column4049_99c9da-fc{text-align:left;}.kadence-column4049_99c9da-fc{position:relative;}@media all and (max-width: 1024px){.kadence-column4049_99c9da-fc > .kt-inside-inner-col{padding-top:var(--global-kb-spacing-xl, 4rem);padding-right:var(--global-kb-spacing-xl, 4rem);padding-bottom:var(--global-kb-spacing-lg, 3rem);padding-left:var(--global-kb-spacing-xl, 4rem);flex-direction:column;}}@media all and (max-width: 1024px){.kt-row-column-wrap > .kadence-column4049_99c9da-fc{align-self:flex-start;}}@media all and (max-width: 1024px){.kt-inner-column-height-full:not(.kt-has-1-columns) > .wp-block-kadence-column.kadence-column4049_99c9da-fc{align-self:auto;}}@media all and (max-width: 1024px){.kt-inner-column-height-full:not(.kt-has-1-columns) > .wp-block-kadence-column.kadence-column4049_99c9da-fc > .kt-inside-inner-col{flex-direction:column;justify-content:flex-start;}}@media all and (max-width: 767px){.kadence-column4049_99c9da-fc > .kt-inside-inner-col{padding-top:var(--global-kb-spacing-md, 2rem);padding-right:var(--global-kb-spacing-md, 2rem);padding-bottom:var(--global-kb-spacing-md, 2rem);padding-left:var(--global-kb-spacing-md, 2rem);flex-direction:column;}.kt-row-column-wrap > .kadence-column4049_99c9da-fc{align-self:flex-start;}.kt-inner-column-height-full:not(.kt-has-1-columns) > .wp-block-kadence-column.kadence-column4049_99c9da-fc{align-self:auto;}.kt-inner-column-height-full:not(.kt-has-1-columns) > .wp-block-kadence-column.kadence-column4049_99c9da-fc > .kt-inside-inner-col{flex-direction:column;justify-content:flex-start;}}<\/style>\n<div class=\"wp-block-kadence-column kadence-column4049_99c9da-fc kb-section-dir-vertical inner-column-1\"><div class=\"kt-inside-inner-col\"><style>.wp-block-kadence-advancedheading.kt-adv-heading4049_8f3e45-c3, .wp-block-kadence-advancedheading.kt-adv-heading4049_8f3e45-c3[data-kb-block=\"kb-adv-heading4049_8f3e45-c3\"]{font-size:var(--global-kb-font-size-lg, 2rem);line-height:1.2;font-style:normal;}.wp-block-kadence-advancedheading.kt-adv-heading4049_8f3e45-c3 mark.kt-highlight, .wp-block-kadence-advancedheading.kt-adv-heading4049_8f3e45-c3[data-kb-block=\"kb-adv-heading4049_8f3e45-c3\"] mark.kt-highlight{font-style:normal;color:#f76a0c;-webkit-box-decoration-break:clone;box-decoration-break:clone;padding-top:0px;padding-right:0px;padding-bottom:0px;padding-left:0px;}<\/style>\n<h2 class=\"kt-adv-heading4049_8f3e45-c3 wp-block-kadence-advancedheading has-theme-palette-3-color has-text-color\" data-kb-block=\"kb-adv-heading4049_8f3e45-c3\">Kavioura on auki ymp\u00e4ri vuoden<\/h2>\n\n\n<style>.wp-block-kadence-advancedheading.kt-adv-heading4049_b5274d-de, .wp-block-kadence-advancedheading.kt-adv-heading4049_b5274d-de[data-kb-block=\"kb-adv-heading4049_b5274d-de\"]{margin-bottom:var(--global-kb-spacing-sm, 1.5rem);font-style:normal;}.wp-block-kadence-advancedheading.kt-adv-heading4049_b5274d-de mark.kt-highlight, .wp-block-kadence-advancedheading.kt-adv-heading4049_b5274d-de[data-kb-block=\"kb-adv-heading4049_b5274d-de\"] mark.kt-highlight{font-style:normal;color:#f76a0c;-webkit-box-decoration-break:clone;box-decoration-break:clone;padding-top:0px;padding-right:0px;padding-bottom:0px;padding-left:0px;}<\/style>\n<p class=\"kt-adv-heading4049_b5274d-de wp-block-kadence-advancedheading has-theme-palette-3-color has-text-color\" data-kb-block=\"kb-adv-heading4049_b5274d-de\">Kavioura sek\u00e4 muut harjoitusalueet ovat ymp\u00e4ri vuoden auki harjoitusk\u00e4ytt\u00f6\u00e4 varten. Radan huoltop\u00e4iv\u00e4 on p\u00e4\u00e4asiassa perjantai. Talvella harjoittelupaikat huolletaan s\u00e4\u00e4olosuhteet huomioiden.<\/p>\n<\/div><\/div>\n\n\n<style>.kadence-column4049_e7d1e4-74 > .kt-inside-inner-col{padding-top:0px;padding-right:0px;padding-bottom:0px;padding-left:0px;}.kadence-column4049_e7d1e4-74 > .kt-inside-inner-col,.kadence-column4049_e7d1e4-74 > .kt-inside-inner-col:before{border-top-left-radius:0px;border-top-right-radius:0px;border-bottom-right-radius:0px;border-bottom-left-radius:0px;}.kadence-column4049_e7d1e4-74 > .kt-inside-inner-col{column-gap:var(--global-kb-gap-sm, 1rem);}.kadence-column4049_e7d1e4-74 > .kt-inside-inner-col{flex-direction:column;}.kadence-column4049_e7d1e4-74 > .kt-inside-inner-col > .aligncenter{width:100%;}.kadence-column4049_e7d1e4-74 > .kt-inside-inner-col:before{opacity:0.3;}.kadence-column4049_e7d1e4-74{position:relative;}@media all and (max-width: 1024px){.kadence-column4049_e7d1e4-74 > .kt-inside-inner-col{padding-top:0px;padding-right:0px;padding-bottom:0px;padding-left:0px;flex-direction:column;}}@media all and (max-width: 767px){.kadence-column4049_e7d1e4-74 > .kt-inside-inner-col{padding-top:0px;padding-right:0px;padding-bottom:0px;padding-left:0px;flex-direction:column;}}<\/style>\n<div class=\"wp-block-kadence-column kadence-column4049_e7d1e4-74 kvs-sm-false inner-column-2\"><div class=\"kt-inside-inner-col\"><\/div><\/div>\n\n<\/div><\/div>\n\n<style>.kb-row-layout-id4049_0e5b75-44 > .kt-row-column-wrap{align-content:center;}:where(.kb-row-layout-id4049_0e5b75-44 > .kt-row-column-wrap) > .wp-block-kadence-column{justify-content:center;}.kb-row-layout-id4049_0e5b75-44 > .kt-row-column-wrap{column-gap:var(--global-kb-gap-lg, 4rem);row-gap:var(--global-kb-gap-md, 2rem);max-width:var( --global-content-width, 1290px );padding-left:var(--global-content-edge-padding);padding-right:var(--global-content-edge-padding);padding-top:var(--global-kb-spacing-xxl, 5rem);padding-bottom:var(--global-kb-spacing-xxl, 5rem);grid-template-columns:minmax(0, calc(40% - ((var(--global-kb-gap-lg, 4rem) * 1 )\/2)))minmax(0, calc(60% - ((var(--global-kb-gap-lg, 4rem) * 1 )\/2)));}.kb-row-layout-id4049_0e5b75-44 > .kt-row-layout-overlay{opacity:0.30;}@media all and (max-width: 1024px){.kb-row-layout-id4049_0e5b75-44 > .kt-row-column-wrap{column-gap:var(--global-kb-gap-md, 2rem);padding-top:var(--global-kb-spacing-lg, 3rem);padding-right:var(--global-kb-spacing-lg, 3rem);padding-bottom:var(--global-kb-spacing-lg, 3rem);padding-left:var(--global-kb-spacing-lg, 3rem);grid-template-columns:minmax(0, 1fr);}}@media all and (max-width: 767px){.kb-row-layout-id4049_0e5b75-44 > .kt-row-column-wrap{grid-template-columns:minmax(0, 1fr);}}<\/style><div class=\"kb-row-layout-wrap kb-row-layout-id4049_0e5b75-44 alignfull has-theme-palette9-background-color kt-row-has-bg wp-block-kadence-rowlayout\"><div class=\"kt-row-column-wrap kt-has-2-columns kt-row-layout-equal kt-tab-layout-row kt-mobile-layout-row kt-row-valign-middle kb-theme-content-width\">\n<style>.kadence-column4049_b85c50-0e > .kt-inside-inner-col,.kadence-column4049_b85c50-0e > .kt-inside-inner-col:before{border-top-left-radius:0px;border-top-right-radius:0px;border-bottom-right-radius:0px;border-bottom-left-radius:0px;}.kadence-column4049_b85c50-0e > .kt-inside-inner-col{column-gap:0px;}.kadence-column4049_b85c50-0e > .kt-inside-inner-col{flex-direction:column;}.kadence-column4049_b85c50-0e > .kt-inside-inner-col > .aligncenter{width:100%;}.kadence-column4049_b85c50-0e > .kt-inside-inner-col:before{opacity:0.3;}.kadence-column4049_b85c50-0e{text-align:left;}.kadence-column4049_b85c50-0e{position:relative;}@media all and (max-width: 1024px){.kadence-column4049_b85c50-0e > .kt-inside-inner-col{flex-direction:column;}}@media all and (max-width: 767px){.kadence-column4049_b85c50-0e > .kt-inside-inner-col{flex-direction:column;}}<\/style>\n<div class=\"wp-block-kadence-column kadence-column4049_b85c50-0e kb-section-dir-vertical inner-column-2\"><div class=\"kt-inside-inner-col\"><style>.kb-image4049_9b2e9c-8b .kb-image-has-overlay:after{opacity:0.3;}<\/style>\n<figure class=\"wp-block-kadence-image kb-image4049_9b2e9c-8b\"><img loading=\"lazy\" decoding=\"async\" width=\"2560\" height=\"1707\" src=\"https:\/\/kainuunravirata.fi\/wp-content\/uploads\/2024\/05\/valtra_1-scaled.jpg\" alt=\"\" class=\"kb-img wp-image-4051\" srcset=\"https:\/\/kainuunravirata.fi\/wp-content\/uploads\/2024\/05\/valtra_1-scaled.jpg 2560w, https:\/\/kainuunravirata.fi\/wp-content\/uploads\/2024\/05\/valtra_1-scaled-600x400.jpg 600w, https:\/\/kainuunravirata.fi\/wp-content\/uploads\/2024\/05\/valtra_1-scaled-300x200.jpg 300w, https:\/\/kainuunravirata.fi\/wp-content\/uploads\/2024\/05\/valtra_1-scaled-1024x683.jpg 1024w, https:\/\/kainuunravirata.fi\/wp-content\/uploads\/2024\/05\/valtra_1-768x512.jpg 768w, https:\/\/kainuunravirata.fi\/wp-content\/uploads\/2024\/05\/valtra_1-scaled-1536x1024.jpg 1536w, https:\/\/kainuunravirata.fi\/wp-content\/uploads\/2024\/05\/valtra_1-scaled-2048x1366.jpg 2048w\" sizes=\"(max-width: 2560px) 100vw, 2560px\" \/><\/figure>\n<\/div><\/div>\n\n\n<style>.kadence-column4049_bf1957-fc > .kt-inside-inner-col{display:flex;}.kadence-column4049_bf1957-fc > .kt-inside-inner-col,.kadence-column4049_bf1957-fc > .kt-inside-inner-col:before{border-top-left-radius:0px;border-top-right-radius:0px;border-bottom-right-radius:0px;border-bottom-left-radius:0px;}.kadence-column4049_bf1957-fc > .kt-inside-inner-col{column-gap:var(--global-kb-gap-sm, 1rem);}.kadence-column4049_bf1957-fc > .kt-inside-inner-col{flex-direction:column;justify-content:center;}.kadence-column4049_bf1957-fc > .kt-inside-inner-col > .aligncenter{width:100%;}.kt-row-column-wrap > .kadence-column4049_bf1957-fc{align-self:center;}.kt-inner-column-height-full:not(.kt-has-1-columns) > .wp-block-kadence-column.kadence-column4049_bf1957-fc{align-self:auto;}.kt-inner-column-height-full:not(.kt-has-1-columns) > .wp-block-kadence-column.kadence-column4049_bf1957-fc > .kt-inside-inner-col{flex-direction:column;justify-content:center;}.kadence-column4049_bf1957-fc > .kt-inside-inner-col:before{opacity:0.3;}.kadence-column4049_bf1957-fc{text-align:left;}.kadence-column4049_bf1957-fc{position:relative;}@media all and (max-width: 1024px){.kadence-column4049_bf1957-fc > .kt-inside-inner-col{padding-top:0px;padding-right:0px;padding-bottom:0px;padding-left:0px;flex-direction:column;}}@media all and (max-width: 1024px){.kt-row-column-wrap > .kadence-column4049_bf1957-fc{align-self:center;}}@media all and (max-width: 1024px){.kt-inner-column-height-full:not(.kt-has-1-columns) > .wp-block-kadence-column.kadence-column4049_bf1957-fc{align-self:auto;}}@media all and (max-width: 1024px){.kt-inner-column-height-full:not(.kt-has-1-columns) > .wp-block-kadence-column.kadence-column4049_bf1957-fc > .kt-inside-inner-col{flex-direction:column;justify-content:center;}}@media all and (max-width: 767px){.kt-row-column-wrap > .kadence-column4049_bf1957-fc{align-self:center;}.kt-inner-column-height-full:not(.kt-has-1-columns) > .wp-block-kadence-column.kadence-column4049_bf1957-fc{align-self:auto;}.kt-inner-column-height-full:not(.kt-has-1-columns) > .wp-block-kadence-column.kadence-column4049_bf1957-fc > .kt-inside-inner-col{flex-direction:column;justify-content:center;}.kadence-column4049_bf1957-fc > .kt-inside-inner-col{flex-direction:column;}}<\/style>\n<div class=\"wp-block-kadence-column kadence-column4049_bf1957-fc kb-section-dir-vertical inner-column-1\"><div class=\"kt-inside-inner-col\"><style>.wp-block-kadence-advancedheading.kt-adv-heading4049_c57186-0f, .wp-block-kadence-advancedheading.kt-adv-heading4049_c57186-0f[data-kb-block=\"kb-adv-heading4049_c57186-0f\"]{font-size:var(--global-kb-font-size-lg, 2rem);line-height:1.2;font-style:normal;}.wp-block-kadence-advancedheading.kt-adv-heading4049_c57186-0f mark.kt-highlight, .wp-block-kadence-advancedheading.kt-adv-heading4049_c57186-0f[data-kb-block=\"kb-adv-heading4049_c57186-0f\"] mark.kt-highlight{font-style:normal;color:#f76a0c;-webkit-box-decoration-break:clone;box-decoration-break:clone;padding-top:0px;padding-right:0px;padding-bottom:0px;padding-left:0px;}<\/style>\n<h2 class=\"kt-adv-heading4049_c57186-0f wp-block-kadence-advancedheading has-theme-palette-3-color has-text-color\" data-kb-block=\"kb-adv-heading4049_c57186-0f\">Muistathan&#8230;<\/h2>\n\n\n\n<p>Harjoitusajossa raviradalla (kaviouralla) ajetaan kuten ravikilpailus\u00e4\u00e4nn\u00f6iss\u00e4 sanotaan: \u201d Verryttely kovassa vauhdissa ajetaan kilpailusuuntaan radan keskiv\u00e4lin sis\u00e4puolella. Muu hidas verryttely p\u00e4invastaiseen suuntaan radan ulkoreunalla. Kilpailusuuntaa vastaan verryttelev\u00e4ll\u00e4 on ensisijainen v\u00e4ist\u00e4misvelvollisuus\u201d<\/p>\n\n\n\n<p>Harjoituslenkill\u00e4 ajosuunta on my\u00f6t\u00e4p\u00e4iv\u00e4\u00e4n.<\/p>\n<\/div><\/div>\n\n<\/div><\/div>\n\n<style>.wp-block-kadence-advancedheading.kt-adv-heading4049_c54942-5f, .wp-block-kadence-advancedheading.kt-adv-heading4049_c54942-5f[data-kb-block=\"kb-adv-heading4049_c54942-5f\"]{text-align:center;font-style:normal;}.wp-block-kadence-advancedheading.kt-adv-heading4049_c54942-5f mark.kt-highlight, .wp-block-kadence-advancedheading.kt-adv-heading4049_c54942-5f[data-kb-block=\"kb-adv-heading4049_c54942-5f\"] mark.kt-highlight{font-style:normal;color:#f76a0c;-webkit-box-decoration-break:clone;box-decoration-break:clone;padding-top:0px;padding-right:0px;padding-bottom:0px;padding-left:0px;}<\/style>\n<h2 class=\"kt-adv-heading4049_c54942-5f wp-block-kadence-advancedheading\" data-kb-block=\"kb-adv-heading4049_c54942-5f\">Radan k\u00e4ytt\u00f6maksut vuonna 2026<\/h2>\n\n\n\n<p>Raviradan k\u00e4ytt\u00f6maksut ovat hevoskohtaisia ja maksetaan jokaisesta hevosesta, jota treenataan raviradan alueella. Tilinumero: Kainuun Ravirata Oy, Nordea IBAN FI16 1057 3000 0696 60 (jos maksat ilman laskun numeroa, kirjoita viestiin ratamaksu)<\/p>\n\n\n\n<figure class=\"wp-block-table\"><table><tbody><tr><td>1-2 hevosta<\/td><td>200 \u20ac \/ vuosi<\/td><\/tr><tr><td>3 hevosta tai yli<\/td><td>350 \u20ac \/ vuosi<\/td><\/tr><tr><td>L\u00e4hitallit<\/td><td>600 \u20ac \/ vuosi \/ talli<\/td><\/tr><tr><td>Kertamaksu<\/td><td>10 \u20ac \/ kerta \/ hevonen<\/td><\/tr><\/tbody><\/table><\/figure>\n\n\n\n<p><strong>Radan kertak\u00e4ytt\u00f6maksu:<\/strong><\/p>\n\n\n\n<p>Satunnaisesti rataa k\u00e4ytt\u00e4vien on nyt mahdollista maksaa my\u00f6s kertak\u00e4ytt\u00f6maksu radan k\u00e4yt\u00f6st\u00e4. Maksu oikeuttaa radan, ratsastuskent\u00e4n ja muiden harjoitusalueiden k\u00e4ytt\u00f6\u00f6n. Kertak\u00e4ytt\u00f6maksu on 10 \u20ac \/ kerta \/ hevonen. Maksu tulee tehd\u00e4 tilisiirtona Kainuun Raviradan tilille<\/p>\n\n\n\n<p>Tilinumero: FI16 1057 3000 0696 60<\/p>\n\n\n\n<p>Viestiksi hevosen &amp; valmentajan nimi<\/p>\n\n\n\n<p><\/p>\n\n\n\n<p class=\"has-large-font-size\"><strong>K\u00c4YTT\u00d6MAKSUN MAKSANEET 2026<\/strong><\/p>\n\n\n\n<ul>\n<li><strong>FL-talli \/ Ossi Lindgren <\/strong><\/li>\n\n\n\n<li><strong>Koivun Hevostila<\/strong><\/li>\n\n\n\n<li><strong>Ari Komulainen <\/strong><\/li>\n\n\n\n<li><strong>Jukka Heikkinen<\/strong><\/li>\n\n\n\n<li><strong>Rinne-talli<\/strong><\/li>\n\n\n\n<li><strong>Pihlajan ponitalli<\/strong><\/li>\n\n\n\n<li><strong>Tiikki-talli<\/strong><\/li>\n\n\n\n<li><strong>Stall Saknussen \/ Esko Falin<\/strong><\/li>\n<\/ul>\n\n\n\n<p><\/p>\n\n\n\n<p><\/p>\n","protected":false},"excerpt":{"rendered":"<p>Kavioura on auki ymp\u00e4ri vuoden Kavioura sek\u00e4 muut harjoitusalueet ovat ymp\u00e4ri vuoden auki harjoitusk\u00e4ytt\u00f6\u00e4 varten. Radan huoltop\u00e4iv\u00e4 on p\u00e4\u00e4asiassa perjantai. Talvella harjoittelupaikat huolletaan s\u00e4\u00e4olosuhteet huomioiden. Muistathan&#8230; Harjoitusajossa raviradalla (kaviouralla) ajetaan&#8230;<\/p>\n","protected":false},"author":1,"featured_media":0,"parent":0,"menu_order":0,"comment_status":"closed","ping_status":"closed","template":"","meta":{"give_campaign_id":0,"_price":"","_stock":"","_tribe_ticket_header":"","_tribe_default_ticket_provider":"","_tribe_ticket_capacity":"0","_ticket_start_date":"","_ticket_end_date":"","_tribe_ticket_show_description":"","_tribe_ticket_show_not_going":false,"_tribe_ticket_use_global_stock":"","_tribe_ticket_global_stock_level":"","_global_stock_mode":"","_global_stock_cap":"","_tribe_rsvp_for_event":"","_tribe_ticket_going_count":"","_tribe_ticket_not_going_count":"","_tribe_tickets_list":"[]","_tribe_ticket_has_attendee_info_fields":false,"_EventAllDay":false,"_EventTimezone":"","_EventStartDate":"","_EventEndDate":"","_EventStartDateUTC":"","_EventEndDateUTC":"","_EventShowMap":false,"_EventShowMapLink":false,"_EventURL":"","_EventCost":"","_EventCostDescription":"","_EventCurrencySymbol":"","_EventCurrencyCode":"","_EventCurrencyPosition":"","_EventDateTimeSeparator":"","_EventTimeRangeSeparator":"","_EventOrganizerID":[],"_EventVenueID":[0],"_OrganizerEmail":"","_OrganizerPhone":"","_OrganizerWebsite":"","_VenueAddress":"","_VenueCity":"","_VenueCountry":"","_VenueProvince":"","_VenueState":"","_VenueZip":"","_VenuePhone":"","_VenueURL":"","_VenueStateProvince":"","_VenueLat":"","_VenueLng":"","_VenueShowMap":false,"_VenueShowMapLink":false,"_kadence_starter_templates_imported_post":false,"_kad_post_transparent":"","_kad_post_title":"","_kad_post_layout":"narrow","_kad_post_sidebar_id":"","_kad_post_content_style":"","_kad_post_vertical_padding":"","_kad_post_feature":"","_kad_post_feature_position":"","_kad_post_header":false,"_kad_post_footer":false,"footnotes":"","_tec_slr_enabled":"","_tec_slr_layout":""},"campaignId":"0","ticketed":false,"_links":{"self":[{"href":"https:\/\/kainuunravirata.fi\/index.php?rest_route=\/wp\/v2\/pages\/4049"}],"collection":[{"href":"https:\/\/kainuunravirata.fi\/index.php?rest_route=\/wp\/v2\/pages"}],"about":[{"href":"https:\/\/kainuunravirata.fi\/index.php?rest_route=\/wp\/v2\/types\/page"}],"author":[{"embeddable":true,"href":"https:\/\/kainuunravirata.fi\/index.php?rest_route=\/wp\/v2\/users\/1"}],"replies":[{"embeddable":true,"href":"https:\/\/kainuunravirata.fi\/index.php?rest_route=%2Fwp%2Fv2%2Fcomments&post=4049"}],"version-history":[{"count":9,"href":"https:\/\/kainuunravirata.fi\/index.php?rest_route=\/wp\/v2\/pages\/4049\/revisions"}],"predecessor-version":[{"id":4793,"href":"https:\/\/kainuunravirata.fi\/index.php?rest_route=\/wp\/v2\/pages\/4049\/revisions\/4793"}],"wp:attachment":[{"href":"https:\/\/kainuunravirata.fi\/index.php?rest_route=%2Fwp%2Fv2%2Fmedia&parent=4049"}],"curies":[{"name":"wp","href":"https:\/\/api.w.org\/{rel}","templated":true}]}}